{"id":511,"date":"2022-02-01T10:00:46","date_gmt":"2022-02-01T10:00:46","guid":{"rendered":"https:\/\/s2consulting.fr\/?page_id=511"},"modified":"2025-03-25T15:30:41","modified_gmt":"2025-03-25T15:30:41","slug":"cacesr489-chariots-automoteurs","status":"publish","type":"page","link":"https:\/\/s2consulting.fr\/index.php\/formations\/cacesr489-chariots-automoteurs\/","title":{"rendered":"CACES\u00aeR489 Chariots Automoteurs"},"content":{"rendered":"\t\t<div data-elementor-type=\"wp-page\" data-elementor-id=\"511\" class=\"elementor elementor-511\">\n\t\t\t\t\t\t<section class=\"elementor-section elementor-top-section elementor-element elementor-element-334bfd3 elementor-section-boxed elementor-section-height-default elementor-section-height-default\" data-id=\"334bfd3\" data-element_type=\"section\">\n\t\t\t\t\t\t<div class=\"elementor-container elementor-column-gap-default\">\n\t\t\t\t\t<div class=\"elementor-column elementor-col-100 elementor-top-column elementor-element elementor-element-0e2002d\" data-id=\"0e2002d\" data-element_type=\"column\">\n\t\t\t<div class=\"elementor-widget-wrap elementor-element-populated\">\n\t\t\t\t\t\t<div class=\"elementor-element elementor-element-2e6e9f9 elementor-widget elementor-widget-heading\" data-id=\"2e6e9f9\" data-element_type=\"widget\" data-widget_type=\"heading.default\">\n\t\t\t\t<div class=\"elementor-widget-container\">\n\t\t\t\t\t<h2 class=\"elementor-heading-title elementor-size-xxl\">CACES\u00ae R489 - Chariots Automoteurs \u00e0 conducteur Port\u00e9\u200b<\/h2>\t\t\t\t<\/div>\n\t\t\t\t<\/div>\n\t\t\t\t<section class=\"elementor-section elementor-inner-section elementor-element elementor-element-69e848b elementor-section-boxed elementor-section-height-default elementor-section-height-default\" data-id=\"69e848b\" data-element_type=\"section\">\n\t\t\t\t\t\t<div class=\"elementor-container elementor-column-gap-default\">\n\t\t\t\t\t<div class=\"elementor-column elementor-col-50 elementor-inner-column elementor-element elementor-element-855e0ca\" data-id=\"855e0ca\" data-element_type=\"column\">\n\t\t\t<div class=\"elementor-widget-wrap elementor-element-populated\">\n\t\t\t\t\t\t<div class=\"elementor-element elementor-element-cc2b9c2 elementor-widget elementor-widget-text-editor\" data-id=\"cc2b9c2\" data-element_type=\"widget\" data-widget_type=\"text-editor.default\">\n\t\t\t\t<div class=\"elementor-widget-container\">\n\t\t\t\t\t\t\t\t\t<p>Cette formation CACES\u00ae est propos\u00e9e \u00e9galement en formation Autorisation de conduite.<\/p>\t\t\t\t\t\t\t\t<\/div>\n\t\t\t\t<\/div>\n\t\t\t\t\t<\/div>\n\t\t<\/div>\n\t\t\t\t<div class=\"elementor-column elementor-col-50 elementor-inner-column elementor-element elementor-element-1fdcdea\" data-id=\"1fdcdea\" data-element_type=\"column\">\n\t\t\t<div class=\"elementor-widget-wrap elementor-element-populated\">\n\t\t\t\t\t\t<div class=\"elementor-element elementor-element-5b1eb20 elementor-align-center elementor-widget elementor-widget-button\" data-id=\"5b1eb20\" data-element_type=\"widget\" data-widget_type=\"button.default\">\n\t\t\t\t<div class=\"elementor-widget-container\">\n\t\t\t\t\t\t\t\t\t<div class=\"elementor-button-wrapper\">\n\t\t\t\t\t<a class=\"elementor-button elementor-button-link elementor-size-sm\" href=\"mailto:accueil.s2consulting@gmail.com%20\" target=\"_blank\">\n\t\t\t\t\t\t<span class=\"elementor-button-content-wrapper\">\n\t\t\t\t\t\t\t\t\t<span class=\"elementor-button-text\">DEMANDE DE DEVIS <\/span>\n\t\t\t\t\t<\/span>\n\t\t\t\t\t<\/a>\n\t\t\t\t<\/div>\n\t\t\t\t\t\t\t\t<\/div>\n\t\t\t\t<\/div>\n\t\t\t\t\t<\/div>\n\t\t<\/div>\n\t\t\t\t\t<\/div>\n\t\t<\/section>\n\t\t\t\t<div class=\"elementor-element elementor-element-c5fc4f9 elementor-widget elementor-widget-image\" data-id=\"c5fc4f9\" data-element_type=\"widget\" data-widget_type=\"image.default\">\n\t\t\t\t<div class=\"elementor-widget-container\">\n\t\t\t\t\t\t\t\t\t\t\t\t<figure class=\"wp-caption\">\n\t\t\t\t\t\t\t\t\t\t\t<a href=\"https:\/\/s2consulting.fr\/wp-content\/uploads\/2022\/02\/R489.jpg\">\n\t\t\t\t\t\t\t<img fetchpriority=\"high\" decoding=\"async\" width=\"595\" height=\"842\" src=\"https:\/\/s2consulting.fr\/wp-content\/uploads\/2022\/02\/R489.jpg\" class=\"attachment-large size-large wp-image-521\" alt=\"CACES\u00ae R489\" srcset=\"https:\/\/s2consulting.fr\/wp-content\/uploads\/2022\/02\/R489.jpg 595w, https:\/\/s2consulting.fr\/wp-content\/uploads\/2022\/02\/R489-212x300.jpg 212w\" sizes=\"(max-width: 595px) 100vw, 595px\" \/>\t\t\t\t\t\t\t\t<\/a>\n\t\t\t\t\t\t\t\t\t\t\t<figcaption class=\"widget-image-caption wp-caption-text\"><\/figcaption>\n\t\t\t\t\t\t\t\t\t\t<\/figure>\n\t\t\t\t\t\t\t\t\t<\/div>\n\t\t\t\t<\/div>\n\t\t\t\t<div class=\"elementor-element elementor-element-5e52d91 elementor-widget elementor-widget-text-editor\" data-id=\"5e52d91\" data-element_type=\"widget\" data-widget_type=\"text-editor.default\">\n\t\t\t\t<div class=\"elementor-widget-container\">\n\t\t\t\t\t\t\t\t\t<p style=\"margin-right: -7.1pt; margin-left: 21.3pt; margin-bottom: 0.0001pt; text-align: justify; text-indent: -14.2pt;\"><span style=\"font-size: 8.0pt; mso-bidi-font-size: 10.5pt; font-family: 'Tahoma',sans-serif; mso-fareast-font-family: Tahoma;\">\u2022<span style=\"font-stretch: normal; font-size: 7pt; line-height: normal; font-family: 'Times New Roman';\">&nbsp;&nbsp;&nbsp;&nbsp;&nbsp;<\/span><\/span><!--[endif]--><span style=\"font-size: 8pt; font-family: Calibri, sans-serif;\">R\u00f4le et responsabilit\u00e9s de chacun&nbsp;<\/span><\/p>\n<p style=\"margin-right: -7.1pt; margin-left: 21.3pt; margin-bottom: 0.0001pt; text-align: justify; text-indent: -14.2pt;\"><!-- [if !supportLists]--><span style=\"font-size: 8.0pt; mso-bidi-font-size: 10.5pt; font-family: 'Tahoma',sans-serif; mso-fareast-font-family: Tahoma;\">\u2022<span style=\"font-stretch: normal; font-size: 7pt; line-height: normal; font-family: 'Times New Roman';\">&nbsp;&nbsp;&nbsp;&nbsp;&nbsp;<\/span><\/span><!--[endif]--><span style=\"font-size: 8pt; font-family: Calibri, sans-serif;\">Connaissance des diff\u00e9rents acteurs internes et externes en pr\u00e9vention des risques&nbsp;<\/span><\/p>\n<p style=\"margin-right: -7.1pt; font-size: medium; caret-color: #000000; color: #000000; text-align: justify;\"><b><span style=\"font-size: 9pt; font-family: Calibri, sans-serif; color: #0070c0;\">Technologie des chariots de manutention automoteurs \u00e0 conducteur port\u00e9<\/span><\/b><\/p>\n<p style=\"margin-right: -7.1pt; font-size: medium; caret-color: #000000; color: #000000; text-align: justify;\"><b><span style=\"font-size: 9pt; font-family: Calibri, sans-serif;\">Les principaux types de chariots de manutention &#8211; Les cat\u00e9gories de CACES\u00ae<\/span><\/b><\/p>\n<p style=\"margin-right: -7.1pt; font-size: medium; caret-color: #000000; color: #000000; text-align: justify;\"><b><span style=\"font-size: 9pt; font-family: Calibri, sans-serif;\">Notions \u00e9l\u00e9mentaires de physique<\/span><\/b><\/p>\n<p style=\"margin-right: -7.1pt; font-size: medium; caret-color: #000000; color: #000000; text-align: justify;\"><b><span style=\"font-size: 9pt; font-family: Calibri, sans-serif;\">Stabilit\u00e9 et \u00e9quilibre des chariots de manutention<\/span><\/b><\/p>\n<p style=\"margin-right: -7.1pt; margin-left: 21.3pt; margin-bottom: 0.0001pt; text-align: justify; text-indent: -14.2pt;\"><!-- [if !supportLists]--><span style=\"font-size: 8.0pt; mso-bidi-font-size: 10.5pt; font-family: 'Tahoma',sans-serif; mso-fareast-font-family: Tahoma;\">\u2022<span style=\"font-stretch: normal; font-size: 7pt; line-height: normal; font-family: 'Times New Roman';\">&nbsp;&nbsp;&nbsp;&nbsp;&nbsp;<\/span><\/span><!--[endif]--><span style=\"font-size: 8pt; font-family: Calibri, sans-serif;\">Lecture de la plaque de charge&nbsp;<\/span><\/p>\n<p style=\"margin-right: -7.1pt; font-size: medium; caret-color: #000000; color: #000000; text-align: justify;\"><b><span style=\"font-size: 9pt; font-family: Calibri, sans-serif; color: #0070c0;\">Risques li\u00e9s \u00e0 l\u2019utilisation des chariots de manutention \u00e0 conducteur port\u00e9<\/span><\/b><\/p>\n<p style=\"margin-right: -7.1pt; margin-left: 21.3pt; margin-bottom: 0.0001pt; text-align: justify; text-indent: -14.2pt;\"><!-- [if !supportLists]--><span style=\"font-size: 8.0pt; mso-bidi-font-size: 10.5pt; font-family: 'Tahoma',sans-serif; mso-fareast-font-family: Tahoma;\">\u2022<span style=\"font-stretch: normal; font-size: 7pt; line-height: normal; font-family: 'Times New Roman';\">&nbsp;&nbsp;&nbsp;&nbsp;&nbsp;<\/span><\/span><!--[endif]--><span style=\"font-size: 8pt; font-family: Calibri, sans-serif;\">Principaux risques&nbsp;<\/span><\/p>\n<p style=\"margin-right: -7.1pt; margin-left: 21.3pt; margin-bottom: 0.0001pt; text-align: justify; text-indent: -14.2pt;\"><!-- [if !supportLists]--><span style=\"font-size: 8.0pt; mso-bidi-font-size: 10.5pt; font-family: 'Tahoma',sans-serif; mso-fareast-font-family: Tahoma;\">\u2022<span style=\"font-stretch: normal; font-size: 7pt; line-height: normal; font-family: 'Times New Roman';\">&nbsp;&nbsp;&nbsp;&nbsp;&nbsp;<\/span><\/span><!--[endif]--><span style=\"font-size: 8pt; font-family: Calibri, sans-serif;\">Rep\u00e9rage de ces risques potentiels<\/span><\/p>\n<p style=\"margin-right: -7.1pt; font-size: medium; caret-color: #000000; color: #000000; text-align: justify;\"><b><span style=\"font-size: 9pt; font-family: Calibri, sans-serif; color: #0070c0;\">Exploitation des chariots de manutention \u00e0 conducteur port\u00e9<\/span><\/b><\/p>\n<p style=\"margin-right: -7.1pt; margin-left: 21.3pt; margin-bottom: 0.0001pt; text-align: justify; text-indent: -14.2pt;\"><!-- [if !supportLists]--><span style=\"font-size: 8.0pt; mso-bidi-font-size: 10.5pt; font-family: 'Tahoma',sans-serif; mso-fareast-font-family: Tahoma;\">\u2022<span style=\"font-stretch: normal; font-size: 7pt; line-height: normal; font-family: 'Times New Roman';\">&nbsp;&nbsp;&nbsp;&nbsp;&nbsp;<\/span><\/span><!--[endif]--><span style=\"font-size: 8pt; font-family: Calibri, sans-serif;\">Fonctionnement, r\u00f4le et utilit\u00e9 des diff\u00e9rents dispositifs&nbsp;<\/span><\/p>\n<p style=\"margin-right: -7.1pt; margin-left: 21.3pt; margin-bottom: 0.0001pt; text-align: justify; text-indent: -14.2pt;\"><!-- [if !supportLists]--><span style=\"font-size: 8.0pt; mso-bidi-font-size: 10.5pt; font-family: 'Tahoma',sans-serif; mso-fareast-font-family: Tahoma;\">\u2022<span style=\"font-stretch: normal; font-size: 7pt; line-height: normal; font-family: 'Times New Roman';\">&nbsp;&nbsp;&nbsp;&nbsp;&nbsp;<\/span><\/span><!--[endif]--><span style=\"font-size: 8pt; font-family: Calibri, sans-serif;\">Conduite \u00e0 tenir en cas d\u2019incident ou de d\u00e9faillance<\/span><\/p>\n<p style=\"margin-right: -7.1pt; margin-left: 21.3pt; margin-bottom: 0.0001pt; text-align: justify; text-indent: -14.2pt;\"><!-- [if !supportLists]--><span style=\"font-size: 8.0pt; mso-bidi-font-size: 10.5pt; font-family: 'Tahoma',sans-serif; mso-fareast-font-family: Tahoma;\">\u2022<span style=\"font-stretch: normal; font-size: 7pt; line-height: normal; font-family: 'Times New Roman';\">&nbsp;&nbsp;&nbsp;&nbsp;&nbsp;<\/span><\/span><!--[endif]--><span style=\"font-size: 8pt; font-family: Calibri, sans-serif;\">Justification du port des EPI&nbsp;<\/span><\/p>\n<p style=\"margin-right: -7.1pt; margin-left: 21.3pt; margin-bottom: 0.0001pt; text-align: justify; text-indent: -14.2pt;\"><!-- [if !supportLists]--><span style=\"font-size: 8.0pt; mso-bidi-font-size: 10.5pt; font-family: 'Tahoma',sans-serif; mso-fareast-font-family: Tahoma;\">\u2022<span style=\"font-stretch: normal; font-size: 7pt; line-height: normal; font-family: 'Times New Roman';\">&nbsp;&nbsp;&nbsp;&nbsp;&nbsp;<\/span><\/span><!--[endif]--><span style=\"font-size: 8pt; font-family: Calibri, sans-serif;\">Interpr\u00e9tation des pictogrammes et panneaux de circulation,<\/span><\/p>\n<p style=\"margin-right: -7.1pt; margin-left: 21.3pt; margin-bottom: 0.0001pt; text-align: justify; text-indent: -14.2pt;\"><!-- [if !supportLists]--><span style=\"font-size: 8.0pt; mso-bidi-font-size: 10.5pt; font-family: 'Tahoma',sans-serif; mso-fareast-font-family: Tahoma;\">\u2022<span style=\"font-stretch: normal; font-size: 7pt; line-height: normal; font-family: 'Times New Roman';\">&nbsp;&nbsp;&nbsp;&nbsp;&nbsp;<\/span><\/span><!--[endif]--><span style=\"font-size: 8pt; font-family: Calibri, sans-serif;\">Plan de circulation et consignes de s\u00e9curit\u00e9<\/span><\/p>\n<p style=\"margin-right: -7.1pt; font-size: medium; caret-color: #000000; color: #000000; text-align: justify;\"><b><span style=\"font-size: 9pt; font-family: Calibri, sans-serif; color: #0070c0;\">V\u00e9rifications d\u2019usage des chariots de manutention \u00e0 conducteur port\u00e9<\/span><\/b><\/p>\n<p style=\"margin-right: -7.1pt; margin-left: 21.3pt; margin-bottom: 0.0001pt; text-align: justify; text-indent: -14.2pt;\"><!-- [if !supportLists]--><span style=\"font-size: 8.0pt; mso-bidi-font-size: 10.5pt; font-family: 'Tahoma',sans-serif; mso-fareast-font-family: Tahoma;\">\u2022<span style=\"font-stretch: normal; font-size: 7pt; line-height: normal; font-family: 'Times New Roman';\">&nbsp;&nbsp;&nbsp;&nbsp;&nbsp;<\/span><\/span><!--[endif]--><span style=\"font-size: 8pt; font-family: Calibri, sans-serif;\">V\u00e9rifications et op\u00e9rations de maintenance de premier niveau qui incombent au cariste,&nbsp;<\/span><\/p>\n<p style=\"margin-right: -7.1pt; margin-left: 21.3pt; margin-bottom: 0.0001pt; text-align: justify; text-indent: -14.2pt;\"><!-- [if !supportLists]--><span style=\"font-size: 8.0pt; mso-bidi-font-size: 10.5pt; font-family: 'Tahoma',sans-serif; mso-fareast-font-family: Tahoma;\">\u2022<span style=\"font-stretch: normal; font-size: 7pt; line-height: normal; font-family: 'Times New Roman';\">&nbsp;&nbsp;&nbsp;&nbsp;&nbsp;<\/span><\/span><!--[endif]--><span style=\"font-size: 8pt; font-family: Calibri, sans-serif;\">Principales anomalies concernant les \u00e9l\u00e9ments du chariot<\/span><\/p>\n<p style=\"margin-right: -7.1pt; margin-bottom: 0.0001pt; margin-left: 21.3pt; font-size: medium; caret-color: #000000; color: #000000; text-align: justify; text-indent: -7.1pt;\"><b><span style=\"font-size: 9pt; font-family: Calibri, sans-serif;\">&nbsp;<\/span><\/b><\/p>\n<p style=\"margin-right: -7.1pt; margin-bottom: 0.0001pt; margin-left: 21.3pt; font-size: medium; caret-color: #000000; color: #000000; text-align: justify; text-indent: -7.1pt;\"><b><span style=\"font-size: 9pt; font-family: Calibri, sans-serif;\">&nbsp;<\/span><\/b><\/p>\n<p style=\"margin-right: -7.1pt; margin-bottom: 0.0001pt; margin-left: 21.3pt; font-size: medium; caret-color: #000000; color: #000000; text-align: justify; text-indent: -7.1pt;\"><b><span style=\"font-size: 9pt; font-family: Calibri, sans-serif; color: #0070c0;\">&nbsp;<\/span><\/b><\/p>\n<p style=\"margin-right: -7.1pt; margin-bottom: 0.0001pt; margin-left: 21.3pt; font-size: medium; caret-color: #000000; color: #000000; text-align: justify; text-indent: -7.1pt;\"><b><span style=\"font-size: 9pt; font-family: Calibri, sans-serif; color: #0070c0;\">&nbsp;<\/span><\/b><\/p>\n<p style=\"margin-right: -7.1pt; margin-bottom: 0.0001pt; margin-left: 21.3pt; font-size: medium; caret-color: #000000; color: #000000; text-align: justify; text-indent: -7.1pt;\"><b><span style=\"font-size: 9pt; font-family: Calibri, sans-serif; color: #0070c0;\">SAVOIR-FAIRE PRATIQUE<\/span><\/b><\/p>\n<p style=\"margin-right: -7.1pt; margin-bottom: 0.0001pt; margin-left: 21.3pt; font-size: medium; caret-color: #000000; color: #000000; text-align: justify; text-indent: -7.1pt;\"><b><span style=\"font-size: 1pt; font-family: Calibri, sans-serif;\">&nbsp;<\/span><\/b><\/p>\n<p style=\"margin-right: -7.1pt; margin-bottom: 0.0001pt; margin-left: 21.3pt; font-size: medium; caret-color: #000000; color: #000000; text-align: justify; text-indent: -7.1pt;\"><b><span style=\"font-size: 9pt; font-family: Calibri, sans-serif; color: #0070c0;\">Prise de poste et v\u00e9rification<\/span><\/b><\/p>\n<p style=\"margin-right: -7.1pt; margin-left: 35.45pt; margin-bottom: 0.0001pt; text-align: justify; text-indent: -14.15pt;\"><!-- [if !supportLists]--><span style=\"font-size: 8.0pt; mso-bidi-font-size: 10.5pt; font-family: 'Tahoma',sans-serif; mso-fareast-font-family: Tahoma;\">\u2022<span style=\"font-stretch: normal; font-size: 7pt; line-height: normal; font-family: 'Times New Roman';\">&nbsp;&nbsp;&nbsp;&nbsp;&nbsp;<\/span><\/span><!--[endif]--><span style=\"font-size: 8pt; font-family: Calibri, sans-serif;\">Utilisation des documents suivants&nbsp;<\/span><\/p>\n<p style=\"margin-right: -7.1pt; margin-left: 35.45pt; margin-bottom: 0.0001pt; text-align: justify; text-indent: -14.15pt;\"><!-- [if !supportLists]--><span style=\"font-size: 8.0pt; mso-bidi-font-size: 10.5pt; font-family: 'Tahoma',sans-serif; mso-fareast-font-family: Tahoma;\">\u2022<span style=\"font-stretch: normal; font-size: 7pt; line-height: normal; font-family: 'Times New Roman';\">&nbsp;&nbsp;&nbsp;&nbsp;&nbsp;<\/span><\/span><!--[endif]--><span style=\"font-size: 8pt; font-family: Calibri, sans-serif;\">V\u00e9rification visuelle de l\u2019\u00e9tat du chariot&nbsp;<\/span><\/p>\n<p style=\"margin-right: -7.1pt; margin-left: 35.45pt; margin-bottom: 0.0001pt; text-align: justify; text-indent: -14.15pt;\"><!-- [if !supportLists]--><span style=\"font-size: 8.0pt; mso-bidi-font-size: 10.5pt; font-family: 'Tahoma',sans-serif; mso-fareast-font-family: Tahoma;\">\u2022<span style=\"font-stretch: normal; font-size: 7pt; line-height: normal; font-family: 'Times New Roman';\">&nbsp;&nbsp;&nbsp;&nbsp;&nbsp;<\/span><\/span><!--[endif]--><span style=\"font-size: 8pt; font-family: Calibri, sans-serif;\">V\u00e9rification de l\u2019engin et des dispositifs de s\u00e9curit\u00e9<\/span><\/p>\n<p style=\"margin-right: -7.1pt; margin-left: 35.45pt; margin-bottom: 0.0001pt; text-align: justify; text-indent: -14.15pt;\"><!-- [if !supportLists]--><span style=\"font-size: 8.0pt; mso-bidi-font-size: 10.5pt; font-family: 'Tahoma',sans-serif; mso-fareast-font-family: Tahoma;\">\u2022<span style=\"font-stretch: normal; font-size: 7pt; line-height: normal; font-family: 'Times New Roman';\">&nbsp;&nbsp;&nbsp;&nbsp;&nbsp;<\/span><\/span><!--[endif]--><span style=\"font-size: 8pt; font-family: Calibri, sans-serif;\">V\u00e9rification de l\u2019ad\u00e9quation du chariot aux op\u00e9rations de manutention \u00e0 r\u00e9aliser<\/span><\/p><p style=\"margin-right: -7.1pt; margin-left: 35.45pt; margin-bottom: 0.0001pt; text-align: justify; text-indent: -14.15pt;\"><span style=\"font-size: 8pt; font-family: Calibri, sans-serif;\"><br><\/span><\/p><p><span style=\"font-weight: bolder;\">Tarifs&nbsp;:&nbsp;<\/span><\/p><p>A partir de 300 \u20ac<\/p>\n<p><style>\n<!-- \/* Style Definitions *\/ p.MsoNormal, li.MsoNormal, div.MsoNormal {mso-style-unhide:no; mso-style-qformat:yes; mso-style-parent:\"\"; margin:0cm; mso-pagination:none; mso-hyphenate:none; text-autospace:ideograph-other; font-size:12.0pt; font-family:\"Times New Roman\",serif; mso-fareast-font-family:SimSun; mso-bidi-font-family:Mangal; mso-font-kerning:1.5pt; mso-fareast-language:ZH-CN; mso-bidi-language:HI;} p.MsoListParagraph, li.MsoListParagraph, div.MsoListParagraph {mso-style-priority:34; mso-style-unhide:no; mso-style-qformat:yes; margin-top:0cm; margin-right:0cm; margin-bottom:0cm; margin-left:36.0pt; mso-add-space:auto; mso-pagination:none; mso-hyphenate:none; text-autospace:ideograph-other; font-size:12.0pt; mso-bidi-font-size:10.5pt; font-family:\"Times New Roman\",serif; mso-fareast-font-family:SimSun; mso-bidi-font-family:Mangal; mso-font-kerning:1.5pt; mso-fareast-language:ZH-CN; mso-bidi-language:HI;} p.MsoListParagraphCxSpFirst, li.MsoListParagraphCxSpFirst, div.MsoListParagraphCxSpFirst {mso-style-priority:34; mso-style-unhide:no; mso-style-qformat:yes; mso-style-type:export-only; margin-top:0cm; margin-right:0cm; margin-bottom:0cm; margin-left:36.0pt; mso-add-space:auto; mso-pagination:none; mso-hyphenate:none; text-autospace:ideograph-other; font-size:12.0pt; mso-bidi-font-size:10.5pt; font-family:\"Times New Roman\",serif; mso-fareast-font-family:SimSun; mso-bidi-font-family:Mangal; mso-font-kerning:1.5pt; mso-fareast-language:ZH-CN; mso-bidi-language:HI;} p.MsoListParagraphCxSpMiddle, li.MsoListParagraphCxSpMiddle, div.MsoListParagraphCxSpMiddle {mso-style-priority:34; mso-style-unhide:no; mso-style-qformat:yes; mso-style-type:export-only; margin-top:0cm; margin-right:0cm; margin-bottom:0cm; margin-left:36.0pt; mso-add-space:auto; mso-pagination:none; mso-hyphenate:none; text-autospace:ideograph-other; font-size:12.0pt; mso-bidi-font-size:10.5pt; font-family:\"Times New Roman\",serif; mso-fareast-font-family:SimSun; mso-bidi-font-family:Mangal; mso-font-kerning:1.5pt; mso-fareast-language:ZH-CN; mso-bidi-language:HI;} p.MsoListParagraphCxSpLast, li.MsoListParagraphCxSpLast, div.MsoListParagraphCxSpLast {mso-style-priority:34; mso-style-unhide:no; mso-style-qformat:yes; mso-style-type:export-only; margin-top:0cm; margin-right:0cm; margin-bottom:0cm; margin-left:36.0pt; mso-add-space:auto; mso-pagination:none; mso-hyphenate:none; text-autospace:ideograph-other; font-size:12.0pt; mso-bidi-font-size:10.5pt; font-family:\"Times New Roman\",serif; mso-fareast-font-family:SimSun; mso-bidi-font-family:Mangal; mso-font-kerning:1.5pt; mso-fareast-language:ZH-CN; mso-bidi-language:HI;} .MsoChpDefault {mso-style-type:export-only; mso-default-props:yes; mso-fareast-font-family:SimSun; mso-bidi-font-family:Mangal; mso-font-kerning:1.5pt; mso-fareast-language:ZH-CN; mso-bidi-language:HI;} .MsoPapDefault {mso-style-type:export-only; mso-pagination:none; mso-hyphenate:none; text-autospace:ideograph-other;} @page WordSection1 {size:612.0pt 792.0pt; margin:70.85pt 70.85pt 70.85pt 70.85pt; mso-header-margin:36.0pt; mso-footer-margin:36.0pt; mso-paper-source:0;} div.WordSection1 {page:WordSection1;} \/* List Definitions *\/ @list l0 {mso-list-id:1442260236; mso-list-type:hybrid; mso-list-template-ids:55846814 -921696886 67895299 67895301 67895297 67895299 67895301 67895297 67895299 67895301;} @list l0:level1 {mso-level-start-at:0; mso-level-number-format:bullet; mso-level-text:\u2022; mso-level-tab-stop:none; mso-level-number-position:left; margin-left:35.25pt; text-indent:-35.25pt; font-family:\"Tahoma\",sans-serif; mso-fareast-font-family:SimSun;} @list l0:level2 {mso-level-number-format:bullet; mso-level-text:o; mso-level-tab-stop:none; mso-level-number-position:left; margin-left:54.0pt; text-indent:-18.0pt; font-family:\"Courier New\";} @list l0:level3 {mso-level-number-format:bullet; mso-level-text:\uf0a7; mso-level-tab-stop:none; mso-level-number-position:left; margin-left:90.0pt; text-indent:-18.0pt; font-family:Wingdings;} @list l0:level4 {mso-level-number-format:bullet; mso-level-text:\uf0b7; mso-level-tab-stop:none; mso-level-number-position:left; margin-left:126.0pt; text-indent:-18.0pt; font-family:Symbol;} @list l0:level5 {mso-level-number-format:bullet; mso-level-text:o; mso-level-tab-stop:none; mso-level-number-position:left; margin-left:162.0pt; text-indent:-18.0pt; font-family:\"Courier New\";} @list l0:level6 {mso-level-number-format:bullet; mso-level-text:\uf0a7; mso-level-tab-stop:none; mso-level-number-position:left; margin-left:198.0pt; text-indent:-18.0pt; font-family:Wingdings;} @list l0:level7 {mso-level-number-format:bullet; mso-level-text:\uf0b7; mso-level-tab-stop:none; mso-level-number-position:left; margin-left:234.0pt; text-indent:-18.0pt; font-family:Symbol;} @list l0:level8 {mso-level-number-format:bullet; mso-level-text:o; mso-level-tab-stop:none; mso-level-number-position:left; margin-left:270.0pt; text-indent:-18.0pt; font-family:\"Courier New\";} @list l0:level9 {mso-level-number-format:bullet; mso-level-text:\uf0a7; mso-level-tab-stop:none; mso-level-number-position:left; margin-left:306.0pt; text-indent:-18.0pt; font-family:Wingdings;} --><br \/>\n<\/style>\n<\/p>\t\t\t\t\t\t\t\t<\/div>\n\t\t\t\t<\/div>\n\t\t\t\t\t<\/div>\n\t\t<\/div>\n\t\t\t\t\t<\/div>\n\t\t<\/section>\n\t\t\t\t<section class=\"elementor-section elementor-top-section elementor-element elementor-element-99bec32 elementor-section-boxed elementor-section-height-default elementor-section-height-default\" data-id=\"99bec32\" data-element_type=\"section\">\n\t\t\t\t\t\t<div class=\"elementor-container elementor-column-gap-default\">\n\t\t\t\t\t<div class=\"elementor-column elementor-col-100 elementor-top-column elementor-element elementor-element-23021a0\" data-id=\"23021a0\" data-element_type=\"column\">\n\t\t\t<div class=\"elementor-widget-wrap elementor-element-populated\">\n\t\t\t\t\t\t<div class=\"elementor-element elementor-element-b295a3d elementor-align-center elementor-widget elementor-widget-button\" data-id=\"b295a3d\" data-element_type=\"widget\" data-widget_type=\"button.default\">\n\t\t\t\t<div class=\"elementor-widget-container\">\n\t\t\t\t\t\t\t\t\t<div class=\"elementor-button-wrapper\">\n\t\t\t\t\t<a class=\"elementor-button elementor-button-link elementor-size-sm\" href=\"https:\/\/s2consulting.fr\/wp-content\/uploads\/2025\/03\/fiche-programme-CACES-R489-chariot-S2-FORMATION.pdf\">\n\t\t\t\t\t\t<span class=\"elementor-button-content-wrapper\">\n\t\t\t\t\t\t\t\t\t<span class=\"elementor-button-text\">Programme de formation \u00e0 t\u00e9l\u00e9charger<\/span>\n\t\t\t\t\t<\/span>\n\t\t\t\t\t<\/a>\n\t\t\t\t<\/div>\n\t\t\t\t\t\t\t\t<\/div>\n\t\t\t\t<\/div>\n\t\t\t\t\t<\/div>\n\t\t<\/div>\n\t\t\t\t\t<\/div>\n\t\t<\/section>\n\t\t\t\t<\/div>\n\t\t","protected":false},"excerpt":{"rendered":"<p>CACES\u00ae R489 &#8211; Chariots Automoteurs \u00e0 conducteur Port\u00e9\u200b Cette formation CACES\u00ae est propos\u00e9e \u00e9galement en formation Autorisation de conduite. DEMANDE DE DEVIS \u2022&nbsp;&nbsp;&nbsp;&nbsp;&nbsp;R\u00f4le et responsabilit\u00e9s de chacun&nbsp; \u2022&nbsp;&nbsp;&nbsp;&nbsp;&nbsp;Connaissance des diff\u00e9rents acteurs internes et externes en pr\u00e9vention des risques&nbsp; Technologie des chariots de manutention automoteurs \u00e0 conducteur port\u00e9 Les principaux types de chariots de manutention &#8211; [&hellip;]<\/p>\n","protected":false},"author":2,"featured_media":521,"parent":243,"menu_order":4,"comment_status":"closed","ping_status":"closed","template":"","meta":{"footnotes":""},"class_list":["post-511","page","type-page","status-publish","has-post-thumbnail","hentry"],"_links":{"self":[{"href":"https:\/\/s2consulting.fr\/index.php\/wp-json\/wp\/v2\/pages\/511","targetHints":{"allow":["GET"]}}],"collection":[{"href":"https:\/\/s2consulting.fr\/index.php\/wp-json\/wp\/v2\/pages"}],"about":[{"href":"https:\/\/s2consulting.fr\/index.php\/wp-json\/wp\/v2\/types\/page"}],"author":[{"embeddable":true,"href":"https:\/\/s2consulting.fr\/index.php\/wp-json\/wp\/v2\/users\/2"}],"replies":[{"embeddable":true,"href":"https:\/\/s2consulting.fr\/index.php\/wp-json\/wp\/v2\/comments?post=511"}],"version-history":[{"count":55,"href":"https:\/\/s2consulting.fr\/index.php\/wp-json\/wp\/v2\/pages\/511\/revisions"}],"predecessor-version":[{"id":1689,"href":"https:\/\/s2consulting.fr\/index.php\/wp-json\/wp\/v2\/pages\/511\/revisions\/1689"}],"up":[{"embeddable":true,"href":"https:\/\/s2consulting.fr\/index.php\/wp-json\/wp\/v2\/pages\/243"}],"wp:featuredmedia":[{"embeddable":true,"href":"https:\/\/s2consulting.fr\/index.php\/wp-json\/wp\/v2\/media\/521"}],"wp:attachment":[{"href":"https:\/\/s2consulting.fr\/index.php\/wp-json\/wp\/v2\/media?parent=511"}],"curies":[{"name":"wp","href":"https:\/\/api.w.org\/{rel}","templated":true}]}}