{"id":375,"date":"2021-09-29T14:10:52","date_gmt":"2021-09-29T14:10:52","guid":{"rendered":"https:\/\/s2consulting.fr\/?page_id=375"},"modified":"2025-03-25T15:25:28","modified_gmt":"2025-03-25T15:25:28","slug":"caces-r482-conduite-des-engins-de-chantiers","status":"publish","type":"page","link":"https:\/\/s2consulting.fr\/index.php\/formations\/caces-r482-conduite-des-engins-de-chantiers\/","title":{"rendered":"CACES\u00ae R482 Conduite des Engins de chantiers"},"content":{"rendered":"\t\t<div data-elementor-type=\"wp-page\" data-elementor-id=\"375\" class=\"elementor elementor-375\">\n\t\t\t\t\t\t<section class=\"elementor-section elementor-top-section elementor-element elementor-element-37a35d1a elementor-section-boxed elementor-section-height-default elementor-section-height-default\" data-id=\"37a35d1a\" data-element_type=\"section\">\n\t\t\t\t\t\t<div class=\"elementor-container elementor-column-gap-default\">\n\t\t\t\t\t<div class=\"elementor-column elementor-col-100 elementor-top-column elementor-element elementor-element-754135fd\" data-id=\"754135fd\" data-element_type=\"column\">\n\t\t\t<div class=\"elementor-widget-wrap elementor-element-populated\">\n\t\t\t\t\t\t<div class=\"elementor-element elementor-element-57edc69 elementor-widget elementor-widget-heading\" data-id=\"57edc69\" data-element_type=\"widget\" data-widget_type=\"heading.default\">\n\t\t\t\t<div class=\"elementor-widget-container\">\n\t\t\t\t\t<h2 class=\"elementor-heading-title elementor-size-xxl\">CACES\u00aeR482 Conduite des Engins de chantier<\/h2>\t\t\t\t<\/div>\n\t\t\t\t<\/div>\n\t\t\t\t<section class=\"elementor-section elementor-inner-section elementor-element elementor-element-6487ed8 elementor-section-boxed elementor-section-height-default elementor-section-height-default\" data-id=\"6487ed8\" data-element_type=\"section\">\n\t\t\t\t\t\t<div class=\"elementor-container elementor-column-gap-default\">\n\t\t\t\t\t<div class=\"elementor-column elementor-col-50 elementor-inner-column elementor-element elementor-element-697ade0\" data-id=\"697ade0\" data-element_type=\"column\">\n\t\t\t<div class=\"elementor-widget-wrap elementor-element-populated\">\n\t\t\t\t\t\t<div class=\"elementor-element elementor-element-e19030e elementor-widget elementor-widget-text-editor\" data-id=\"e19030e\" data-element_type=\"widget\" data-widget_type=\"text-editor.default\">\n\t\t\t\t<div class=\"elementor-widget-container\">\n\t\t\t\t\t\t\t\t\t<p>Cette formation CACES\u00ae est propos\u00e9e \u00e9galement en formation Autorisation de conduite.<\/p>\t\t\t\t\t\t\t\t<\/div>\n\t\t\t\t<\/div>\n\t\t\t\t\t<\/div>\n\t\t<\/div>\n\t\t\t\t<div class=\"elementor-column elementor-col-50 elementor-inner-column elementor-element elementor-element-dae852c\" data-id=\"dae852c\" data-element_type=\"column\">\n\t\t\t<div class=\"elementor-widget-wrap elementor-element-populated\">\n\t\t\t\t\t\t<div class=\"elementor-element elementor-element-5c456f7 elementor-align-center elementor-widget elementor-widget-button\" data-id=\"5c456f7\" data-element_type=\"widget\" data-widget_type=\"button.default\">\n\t\t\t\t<div class=\"elementor-widget-container\">\n\t\t\t\t\t\t\t\t\t<div class=\"elementor-button-wrapper\">\n\t\t\t\t\t<a class=\"elementor-button elementor-button-link elementor-size-sm\" href=\"mailto:accueil.s2consulting@gmail.com%20\" target=\"_blank\">\n\t\t\t\t\t\t<span class=\"elementor-button-content-wrapper\">\n\t\t\t\t\t\t\t\t\t<span class=\"elementor-button-text\">DEMANDE DE DEVIS <\/span>\n\t\t\t\t\t<\/span>\n\t\t\t\t\t<\/a>\n\t\t\t\t<\/div>\n\t\t\t\t\t\t\t\t<\/div>\n\t\t\t\t<\/div>\n\t\t\t\t\t<\/div>\n\t\t<\/div>\n\t\t\t\t\t<\/div>\n\t\t<\/section>\n\t\t\t\t<div class=\"elementor-element elementor-element-e426eda elementor-widget elementor-widget-text-editor\" data-id=\"e426eda\" data-element_type=\"widget\" data-widget_type=\"text-editor.default\">\n\t\t\t\t<div class=\"elementor-widget-container\">\n\t\t\t\t\t\t\t\t\t<p><\/p>\n<figure class=\"wp-block-image size-full\"><img fetchpriority=\"high\" decoding=\"async\" width=\"595\" height=\"842\" class=\"wp-image-383 aligncenter\" src=\"https:\/\/s2consulting.fr\/wp-content\/uploads\/2021\/09\/R482.jpg\" alt=\"\" srcset=\"https:\/\/s2consulting.fr\/wp-content\/uploads\/2021\/09\/R482.jpg 595w, https:\/\/s2consulting.fr\/wp-content\/uploads\/2021\/09\/R482-212x300.jpg 212w\" sizes=\"(max-width: 595px) 100vw, 595px\" \/><\/figure>\n<p><\/p>\n<p>\u00ab\u00a0<\/p>\n<p><\/p>\n<p><strong>Contexte :&nbsp;&nbsp;<\/strong><\/p>\n<p><\/p>\n<p>Le d\u00e9cret n\u00b02008-244 du 7 mars 2008 valide que : La conduite des \u00e9quipements de travail mobiles automoteurs et des \u00e9quipements de travail servant au levage est r\u00e9serv\u00e9e aux travailleurs qui ont re\u00e7u une formation ad\u00e9quate.<\/p>\n<p><\/p>\n<p>L\u2019autorisation de conduite d\u00e9livr\u00e9e par l\u2019employeur est obligatoire et doit s\u2019appuyer, entre autres, sur un contr\u00f4le des connaissances et savoir- faire pour la conduite en s\u00e9curit\u00e9.<\/p>\n<p><\/p>\n<p><strong>Objectifs :&nbsp;<\/strong><\/p>\n<p><\/p>\n<p>\u00catre capable de ma\u00eetriser la conduite des Engins de chantier<\/p>\n<p><\/p>\n<p>Conna\u00eetre les r\u00e8gles d\u2019une utilisation en s\u00e9curit\u00e9<\/p>\n<p><\/p>\n<p>Prendre connaissance des risques d\u2019accidents et d\u2019incidents pour les \u00e9liminer,<\/p>\n<p><\/p>\n<p>Conna\u00eetre sa machine pour mieux l\u2019utiliser.<\/p>\n<p><\/p>\n<p>Assurer l\u2019entretien simple de son engin<\/p>\n<p><\/p>\n<p>Obtenir le(s) CACES \u00ae des cat\u00e9gorie(s) concern\u00e9e(s)<\/p>\n<p><\/p>\n<p><strong>Personnes concern\u00e9es :<\/strong><\/p>\n<p><\/p>\n<p>Toute personne devant travailler avec des engins de chantier, m\u00eame occasionnellement&nbsp;<\/p>\n<p><\/p>\n<p><strong>Pr\u00e9 requis :<\/strong><\/p>\n<p><\/p>\n<p>\u00catre \u00e2g\u00e9 d\u2019au moins 18 ans<\/p>\n<p><\/p>\n<p>Ma\u00eetriser la lecture et les 4 op\u00e9rations.<\/p>\n<p><\/p>\n<p><strong>Accessibilit\u00e9&nbsp;:&nbsp;<\/strong><\/p>\n<p><\/p>\n<p>La formation est accessible, sous conditions, aux personnes en situation de handicap. Nous consulter au pr\u00e9alable.<\/p>\n<p><\/p>\n<p><strong>Dispensateurs de formation :<\/strong><\/p>\n<p><\/p>\n<p>Formateurs sp\u00e9cialis\u00e9s dans la conduite et la manipulation des engins de chantier<\/p>\n<p><\/p>\n<p><strong>Dispositif de suivi :&nbsp;<\/strong><\/p>\n<p><\/p>\n<p>Feuille d&rsquo;\u00e9margement par demi-journ\u00e9e<\/p>\n<p><\/p>\n<p>Attestation de stage<\/p>\n<p><\/p>\n<p><strong>Dur\u00e9e du stage :&nbsp;<\/strong>variable selon cat\u00e9gories vis\u00e9es<\/p>\n<p><\/p>\n<p>Initiale&nbsp;: 3 \u00e0 5 jours &amp; Recyclage 1 \u00e0 2 jours<\/p>\n<p><\/p>\n<p><strong>Tarifs&nbsp;:&nbsp;<\/strong><\/p>\n<p><\/p>\n<p>A partir de 350.00 \u20ac<\/p>\n<p><\/p>\n<p><strong>Calendrier&nbsp;<\/strong>:&nbsp;Disponible sur simple demande<\/p>\n<p><\/p>\n<p><strong>M\u00e9thodes et moyens p\u00e9dagogiques :<\/strong><\/p>\n<p><\/p>\n<p>Enseignement th\u00e9orique multim\u00e9dia<\/p>\n<p><\/p>\n<p>Pratique sur plusieurs types d\u2019engins de chantier&nbsp;<\/p>\n<p><\/p>\n<p>Conduite et op\u00e9rations de terrassement sur diff\u00e9rents sols<\/p>\n<p><\/p>\n<p>Autres exercices pratiques sur plateau technique (levage)<\/p>\n<p><\/p>\n<p><strong>Lieu et nature de l\u2019action&nbsp;<\/strong><strong>:<\/strong><\/p>\n<p><\/p>\n<p>Intra Entreprise \/ Inter entreprise au sein de notre agence<\/p>\n<p><\/p>\n<p><strong>Responsable p\u00e9dagogique\/ R\u00e9f\u00e9rent handicap :<\/strong><\/p>\n<p><\/p>\n<p>Monsieur St\u00e9phane SANGORRIN<\/p>\n<p><\/p>\n<p><strong>Mode de validation&nbsp;:<\/strong><\/p>\n<p><\/p>\n<p>Le stagiaire re\u00e7oit une attestation de formation.<\/p>\n<p><\/p>\n<p>Cette formation permet au participant d\u2019obtenir le CACES\u00ae R482 des cat\u00e9gories vis\u00e9es.<\/p>\n<p><\/p>\n<p>Test CACES\u00ae r\u00e9alis\u00e9 par un partenaire organisme testeur certifi\u00e9\u00a0\u00bb<\/p>\n<p><\/p>\n<p><\/p>\n<p><\/p>\t\t\t\t\t\t\t\t<\/div>\n\t\t\t\t<\/div>\n\t\t\t\t\t<\/div>\n\t\t<\/div>\n\t\t\t\t\t<\/div>\n\t\t<\/section>\n\t\t\t\t<section class=\"elementor-section elementor-top-section elementor-element elementor-element-5ae56ae elementor-section-boxed elementor-section-height-default elementor-section-height-default\" data-id=\"5ae56ae\" data-element_type=\"section\">\n\t\t\t\t\t\t<div class=\"elementor-container elementor-column-gap-default\">\n\t\t\t\t\t<div class=\"elementor-column elementor-col-100 elementor-top-column elementor-element elementor-element-36b18b2\" data-id=\"36b18b2\" data-element_type=\"column\">\n\t\t\t<div class=\"elementor-widget-wrap elementor-element-populated\">\n\t\t\t\t\t\t<div class=\"elementor-element elementor-element-d04437b elementor-align-center elementor-widget elementor-widget-button\" data-id=\"d04437b\" data-element_type=\"widget\" data-widget_type=\"button.default\">\n\t\t\t\t<div class=\"elementor-widget-container\">\n\t\t\t\t\t\t\t\t\t<div class=\"elementor-button-wrapper\">\n\t\t\t\t\t<a class=\"elementor-button elementor-button-link elementor-size-md\" href=\"https:\/\/s2consulting.fr\/wp-content\/uploads\/2025\/03\/fiche-programme-CACES-R482-Engins-de-Chantier-S2-FORMATION-V5.pdf\">\n\t\t\t\t\t\t<span class=\"elementor-button-content-wrapper\">\n\t\t\t\t\t\t\t\t\t<span class=\"elementor-button-text\">Programme de formation a t\u00e9l\u00e9charger<\/span>\n\t\t\t\t\t<\/span>\n\t\t\t\t\t<\/a>\n\t\t\t\t<\/div>\n\t\t\t\t\t\t\t\t<\/div>\n\t\t\t\t<\/div>\n\t\t\t\t\t<\/div>\n\t\t<\/div>\n\t\t\t\t\t<\/div>\n\t\t<\/section>\n\t\t\t\t<\/div>\n\t\t","protected":false},"excerpt":{"rendered":"<p>CACES\u00aeR482 Conduite des Engins de chantier Cette formation CACES\u00ae est propos\u00e9e \u00e9galement en formation Autorisation de conduite. DEMANDE DE DEVIS \u00ab\u00a0 Contexte :&nbsp;&nbsp; Le d\u00e9cret n\u00b02008-244 du 7 mars 2008 valide que : La conduite des \u00e9quipements de travail mobiles automoteurs et des \u00e9quipements de travail servant au levage est r\u00e9serv\u00e9e aux travailleurs qui ont [&hellip;]<\/p>\n","protected":false},"author":2,"featured_media":0,"parent":243,"menu_order":1,"comment_status":"closed","ping_status":"closed","template":"","meta":{"footnotes":""},"class_list":["post-375","page","type-page","status-publish","hentry"],"_links":{"self":[{"href":"https:\/\/s2consulting.fr\/index.php\/wp-json\/wp\/v2\/pages\/375","targetHints":{"allow":["GET"]}}],"collection":[{"href":"https:\/\/s2consulting.fr\/index.php\/wp-json\/wp\/v2\/pages"}],"about":[{"href":"https:\/\/s2consulting.fr\/index.php\/wp-json\/wp\/v2\/types\/page"}],"author":[{"embeddable":true,"href":"https:\/\/s2consulting.fr\/index.php\/wp-json\/wp\/v2\/users\/2"}],"replies":[{"embeddable":true,"href":"https:\/\/s2consulting.fr\/index.php\/wp-json\/wp\/v2\/comments?post=375"}],"version-history":[{"count":45,"href":"https:\/\/s2consulting.fr\/index.php\/wp-json\/wp\/v2\/pages\/375\/revisions"}],"predecessor-version":[{"id":1677,"href":"https:\/\/s2consulting.fr\/index.php\/wp-json\/wp\/v2\/pages\/375\/revisions\/1677"}],"up":[{"embeddable":true,"href":"https:\/\/s2consulting.fr\/index.php\/wp-json\/wp\/v2\/pages\/243"}],"wp:attachment":[{"href":"https:\/\/s2consulting.fr\/index.php\/wp-json\/wp\/v2\/media?parent=375"}],"curies":[{"name":"wp","href":"https:\/\/api.w.org\/{rel}","templated":true}]}}