{"id":186,"date":"2021-09-19T06:04:39","date_gmt":"2021-09-19T06:04:39","guid":{"rendered":"https:\/\/s2consulting.fr\/?page_id=186"},"modified":"2025-07-07T13:29:07","modified_gmt":"2025-07-07T13:29:07","slug":"qui-sommes-nous","status":"publish","type":"page","link":"https:\/\/s2consulting.fr\/index.php\/qui-sommes-nous\/","title":{"rendered":"Qui sommes nous"},"content":{"rendered":"\t\t<div data-elementor-type=\"wp-page\" data-elementor-id=\"186\" class=\"elementor elementor-186\">\n\t\t\t\t\t\t<section class=\"elementor-section elementor-top-section elementor-element elementor-element-26d8212b elementor-section-boxed elementor-section-height-default elementor-section-height-default\" data-id=\"26d8212b\" data-element_type=\"section\" data-settings=\"{&quot;background_background&quot;:&quot;gradient&quot;}\">\n\t\t\t\t\t\t<div class=\"elementor-container elementor-column-gap-default\">\n\t\t\t\t\t<div class=\"elementor-column elementor-col-100 elementor-top-column elementor-element elementor-element-9ca250b\" data-id=\"9ca250b\" data-element_type=\"column\">\n\t\t\t<div class=\"elementor-widget-wrap elementor-element-populated\">\n\t\t\t\t\t\t<div class=\"elementor-element elementor-element-99e89e6 elementor-widget elementor-widget-text-editor\" data-id=\"99e89e6\" data-element_type=\"widget\" data-widget_type=\"text-editor.default\">\n\t\t\t\t<div class=\"elementor-widget-container\">\n\t\t\t\t\t\t\t\t\t<h2 class=\"elementor-heading-title elementor-size-small elementor-inline-editing pen\" style=\"font-family: 'Open Sans Hebrew Condensed', sans-serif; font-weight: 600; font-size: 60px; outline-style: initial; outline-width: 0px; text-align: center;\" data-elementor-setting-key=\"title\" data-pen-placeholder=\"\u00c9crivez ici...\"><span style=\"color: #6ec1e4;\">Qui sommes nous <\/span><\/h2>\t\t\t\t\t\t\t\t<\/div>\n\t\t\t\t<\/div>\n\t\t\t\t<div class=\"elementor-element elementor-element-4e6e0c1 elementor-invisible elementor-widget elementor-widget-text-editor\" data-id=\"4e6e0c1\" data-element_type=\"widget\" data-settings=\"{&quot;_animation&quot;:&quot;fadeIn&quot;}\" data-widget_type=\"text-editor.default\">\n\t\t\t\t<div class=\"elementor-widget-container\">\n\t\t\t\t\t\t\t\t\t<h5 style=\"text-align: center;\"><b>Riche d\u2019une exp\u00e9rience de plus de 20 ans et d\u2019une \u00e9quipe de Consultants et formateurs experts en pr\u00e9vention,<br \/>S2 Consulting est un organisme de formation sp\u00e9cialis\u00e9 dans la s\u00e9curit\u00e9 au travail et sur les risques professionnels. <\/b><\/h5><p>\u00a0<\/p><p>Nos domaines d\u2019expertise, couvrent la ma\u00eetrise des risques li\u00e9s aux travaux en hauteur (Nacelle, Echafaudage, Travaux sur toitures\u2026), aux polluants du b\u00e2timent (Amiante, plomb, \u2026),<br \/>la conduite d\u2019engins de tous types (CACES\u00ae, autorisation de conduite \u2026)\u00a0<span style=\"color: var( --e-global-color-text ); font-family: var( --e-global-typography-text-font-family ), Sans-serif; font-weight: var( --e-global-typography-text-font-weight ); font-size: 1rem;\">mais aussi \u00e0 la s\u00e9curit\u00e9 au travail (AIPR, SST, Levage, Electricit\u00e9, \u2026)<\/span><\/p><h5 style=\"text-align: center;\"><b><img decoding=\"async\" class=\"alignnone size-medium wp-image-100\" src=\"https:\/\/s2consulting.fr\/wp-content\/uploads\/2021\/09\/cropped-logo-300x80.jpg\" alt=\"\" width=\"300\" height=\"80\" srcset=\"https:\/\/s2consulting.fr\/wp-content\/uploads\/2021\/09\/cropped-logo-300x80.jpg 300w, https:\/\/s2consulting.fr\/wp-content\/uploads\/2021\/09\/cropped-logo.jpg 533w\" sizes=\"(max-width: 300px) 100vw, 300px\" \/><\/b><\/h5><p style=\"text-align: justify;\"><span style=\"background-color: transparent; color: var( --e-global-color-text ); font-family: var( --e-global-typography-text-font-family ), Sans-serif; font-weight: var( --e-global-typography-text-font-weight );\">Install\u00e9 a Benesse Maremne , S2 Consulting &amp; formation accompagne les entreprises et les collectivit\u00e9s du Sud-Ouest dans leurs d\u00e9marches en pr\u00e9vention par des missions de conseil, de formation et aupr\u00e8s des acteurs professionnels. <br \/><br \/>Dans un environnement technique et r\u00e9glementaire toujours plus complexe et toujours plus encadr\u00e9, la ma\u00eetrise des risques professionnels est un enjeu majeur pour les entreprises des secteurs du BTP, Industrie, Transport \u00e9nergie, que vous soyez, Artisan, TPE\/PME ou collectivit\u00e9s publiques, ce qui conditionne non seulement votre p\u00e9rennit\u00e9 mais aussi la s\u00e9r\u00e9nit\u00e9 de votre d\u00e9veloppement. <br \/><br \/>Pour faire face aux enjeux juridiques, techniques, humains mais aussi financiers, S2 Consulting &amp; Formation vous accompagne dans les domaines de la pr\u00e9vention des risques professionnels, de la s\u00e9curit\u00e9 et dans le management des syst\u00e8mes de pr\u00e9vention.<\/span><\/p><p>Nos Formations R482, R483, R484, R485,R486,R487,R489,R490 sont toutes accessibles en version CACES\u00ae (Certificat d&rsquo;aptitude \u00e0 la conduite en s\u00e9curit\u00e9) et\/ou ACES (Autorisation de conduite en s\u00e9curit\u00e9) .<\/p><p>Notre centre est agr\u00e9\u00e9 sur les familles : R482, R485, R486, R489, R490. Pour toutes les autres recommandations ce sont nos partenaires de notre r\u00e9seau CERTITESTS qui interviennent pour les tests CACES\u00ae;<\/p>\t\t\t\t\t\t\t\t<\/div>\n\t\t\t\t<\/div>\n\t\t\t\t<div class=\"elementor-element elementor-element-9061472 elementor-widget elementor-widget-google_maps\" data-id=\"9061472\" data-element_type=\"widget\" data-widget_type=\"google_maps.default\">\n\t\t\t\t<div class=\"elementor-widget-container\">\n\t\t\t\t\t\t\t<div class=\"elementor-custom-embed\">\n\t\t\t<iframe loading=\"lazy\"\n\t\t\t\t\tsrc=\"https:\/\/maps.google.com\/maps?q=390%20Route%20de%20saubrigues%20%2040230%20BENESSE%20MAREMNE%20&#038;t=m&#038;z=10&#038;output=embed&#038;iwloc=near\"\n\t\t\t\t\ttitle=\"390 Route de saubrigues  40230 BENESSE MAREMNE \"\n\t\t\t\t\taria-label=\"390 Route de saubrigues  40230 BENESSE MAREMNE \"\n\t\t\t><\/iframe>\n\t\t<\/div>\n\t\t\t\t\t\t<\/div>\n\t\t\t\t<\/div>\n\t\t\t\t\t<\/div>\n\t\t<\/div>\n\t\t\t\t\t<\/div>\n\t\t<\/section>\n\t\t\t\t<\/div>\n\t\t","protected":false},"excerpt":{"rendered":"<p>Qui sommes nous Riche d\u2019une exp\u00e9rience de plus de 20 ans et d\u2019une \u00e9quipe de Consultants et formateurs experts en pr\u00e9vention,S2 Consulting est un organisme de formation sp\u00e9cialis\u00e9 dans la s\u00e9curit\u00e9 au travail et sur les risques professionnels. \u00a0 Nos domaines d\u2019expertise, couvrent la ma\u00eetrise des risques li\u00e9s aux travaux en hauteur (Nacelle, Echafaudage, Travaux [&hellip;]<\/p>\n","protected":false},"author":1,"featured_media":0,"parent":0,"menu_order":0,"comment_status":"closed","ping_status":"closed","template":"","meta":{"footnotes":""},"class_list":["post-186","page","type-page","status-publish","hentry"],"_links":{"self":[{"href":"https:\/\/s2consulting.fr\/index.php\/wp-json\/wp\/v2\/pages\/186","targetHints":{"allow":["GET"]}}],"collection":[{"href":"https:\/\/s2consulting.fr\/index.php\/wp-json\/wp\/v2\/pages"}],"about":[{"href":"https:\/\/s2consulting.fr\/index.php\/wp-json\/wp\/v2\/types\/page"}],"author":[{"embeddable":true,"href":"https:\/\/s2consulting.fr\/index.php\/wp-json\/wp\/v2\/users\/1"}],"replies":[{"embeddable":true,"href":"https:\/\/s2consulting.fr\/index.php\/wp-json\/wp\/v2\/comments?post=186"}],"version-history":[{"count":21,"href":"https:\/\/s2consulting.fr\/index.php\/wp-json\/wp\/v2\/pages\/186\/revisions"}],"predecessor-version":[{"id":1818,"href":"https:\/\/s2consulting.fr\/index.php\/wp-json\/wp\/v2\/pages\/186\/revisions\/1818"}],"wp:attachment":[{"href":"https:\/\/s2consulting.fr\/index.php\/wp-json\/wp\/v2\/media?parent=186"}],"curies":[{"name":"wp","href":"https:\/\/api.w.org\/{rel}","templated":true}]}}